{"id":49957,"date":"2022-09-08T01:43:43","date_gmt":"2022-09-07T23:43:43","guid":{"rendered":"http:\/\/katharinavandamme.com\/?page_id=49957"},"modified":"2022-09-08T01:54:06","modified_gmt":"2022-09-07T23:54:06","slug":"confiserieideen-aus-katharinas-confiserie","status":"publish","type":"page","link":"http:\/\/katharinavandamme.com\/?page_id=49957","title":{"rendered":"Confiserieideen (aus Katharinas Confiserie)"},"content":{"rendered":"\n<p>Wei\u00dfe Domonosteine mit Lebkuchen, Mandelmarzipan, Papayagelee oder Gelee von z.B. wei\u00dfe Traube, Maulbeere, Kirsche, Himbeere <\/p>\n\n\n\n<p>Praline Linie: wei\u00dfe Schokoladenmousse, wei\u00dfe Schokoladenspiegel, Creme (wie dickfl\u00fcssiger Sirup), umh\u00fcllt mit wei\u00dfer Schokolade z.B. Apfel, Multivitamin, Kaffee, Karamell, Schokolade, wei\u00dfe Traube, Kirsch, Himbeer, Apfel Birne, Holunderbl\u00fcte, Holunderbl\u00fcten, Felsenbirne<\/p>\n","protected":false},"excerpt":{"rendered":"<p>Wei\u00dfe Domonosteine mit Lebkuchen, Mandelmarzipan, Papayagelee oder Gelee von z.B. wei\u00dfe Traube, Maulbeere, Kirsche, Himbeere Praline Linie: wei\u00dfe Schokoladenmousse, wei\u00dfe&hellip;<\/p>\n","protected":false},"author":4,"featured_media":0,"parent":0,"menu_order":0,"comment_status":"closed","ping_status":"closed","template":"","meta":[],"_links":{"self":[{"href":"http:\/\/katharinavandamme.com\/index.php?rest_route=\/wp\/v2\/pages\/49957"}],"collection":[{"href":"http:\/\/katharinavandamme.com\/index.php?rest_route=\/wp\/v2\/pages"}],"about":[{"href":"http:\/\/katharinavandamme.com\/index.php?rest_route=\/wp\/v2\/types\/page"}],"author":[{"embeddable":true,"href":"http:\/\/katharinavandamme.com\/index.php?rest_route=\/wp\/v2\/users\/4"}],"replies":[{"embeddable":true,"href":"http:\/\/katharinavandamme.com\/index.php?rest_route=%2Fwp%2Fv2%2Fcomments&post=49957"}],"version-history":[{"count":2,"href":"http:\/\/katharinavandamme.com\/index.php?rest_route=\/wp\/v2\/pages\/49957\/revisions"}],"predecessor-version":[{"id":49963,"href":"http:\/\/katharinavandamme.com\/index.php?rest_route=\/wp\/v2\/pages\/49957\/revisions\/49963"}],"wp:attachment":[{"href":"http:\/\/katharinavandamme.com\/index.php?rest_route=%2Fwp%2Fv2%2Fmedia&parent=49957"}],"curies":[{"name":"wp","href":"https:\/\/api.w.org\/{rel}","templated":true}]}}